{"id":278,"date":"2020-12-30T10:20:02","date_gmt":"2020-12-30T10:20:02","guid":{"rendered":"https:\/\/arcoirischiva.es\/?page_id=278"},"modified":"2021-12-31T09:19:31","modified_gmt":"2021-12-31T08:19:31","slug":"rutas-jubilados-y-emeritos","status":"publish","type":"page","link":"https:\/\/arcoirischiva.es\/?page_id=278","title":{"rendered":"Jubilados y Em\u00e9ritos"},"content":{"rendered":"\n<div class=\"wp-block-media-text alignwide has-media-on-the-right is-stacked-on-mobile\" style=\"grid-template-columns:auto 42%\"><figure class=\"wp-block-media-text__media\"><img loading=\"lazy\" decoding=\"async\" width=\"400\" height=\"311\" src=\"https:\/\/arcoirischiva.es\/wp-content\/uploads\/2020\/12\/Jubilados.jpg\" alt=\"\" class=\"wp-image-279 size-full\" srcset=\"https:\/\/arcoirischiva.es\/wp-content\/uploads\/2020\/12\/Jubilados.jpg 400w, https:\/\/arcoirischiva.es\/wp-content\/uploads\/2020\/12\/Jubilados-300x233.jpg 300w, https:\/\/arcoirischiva.es\/wp-content\/uploads\/2020\/12\/Jubilados-77x60.jpg 77w\" sizes=\"auto, (max-width: 400px) 100vw, 400px\" \/><\/figure><div class=\"wp-block-media-text__content\">\n<p style=\"font-size:18px\">Rutas de Jubilados y Em\u00e9ritos para la temporada 2022, en formato pdf, para su consulta (pinchar en el enlace m\u00e1s abajo), o para descargar (pinchar en el bot\u00f3n: \u2018Descarga\u2019)<\/p>\n<\/div><\/div>\n\n\n\n<div class=\"wp-block-file\"><a href=\"https:\/\/arcoirischiva.es\/wp-content\/uploads\/2021\/12\/Rutas_Especiales_Jubilados_2022.pdf\" target=\"_blank\" rel=\"noreferrer noopener\">Rutas_Especiales_Jubilados_2022<\/a><a href=\"https:\/\/arcoirischiva.es\/wp-content\/uploads\/2021\/12\/Rutas_Especiales_Jubilados_2022.pdf\" class=\"wp-block-file__button\" download>Descarga<\/a><\/div>\n\n\n\n<p><\/p>\n","protected":false},"excerpt":{"rendered":"<p>Rutas de Jubilados y Em\u00e9ritos para la temporada 2022, en formato pdf, para su consulta (pinchar en el enlace m\u00e1s abajo), o para descargar (pinchar en el bot\u00f3n: \u2018Descarga\u2019)<\/p>\n","protected":false},"author":1,"featured_media":0,"parent":0,"menu_order":0,"comment_status":"closed","ping_status":"closed","template":"","meta":{"footnotes":""},"class_list":["post-278","page","type-page","status-publish","hentry"],"_links":{"self":[{"href":"https:\/\/arcoirischiva.es\/index.php?rest_route=\/wp\/v2\/pages\/278","targetHints":{"allow":["GET"]}}],"collection":[{"href":"https:\/\/arcoirischiva.es\/index.php?rest_route=\/wp\/v2\/pages"}],"about":[{"href":"https:\/\/arcoirischiva.es\/index.php?rest_route=\/wp\/v2\/types\/page"}],"author":[{"embeddable":true,"href":"https:\/\/arcoirischiva.es\/index.php?rest_route=\/wp\/v2\/users\/1"}],"replies":[{"embeddable":true,"href":"https:\/\/arcoirischiva.es\/index.php?rest_route=%2Fwp%2Fv2%2Fcomments&post=278"}],"version-history":[{"count":6,"href":"https:\/\/arcoirischiva.es\/index.php?rest_route=\/wp\/v2\/pages\/278\/revisions"}],"predecessor-version":[{"id":682,"href":"https:\/\/arcoirischiva.es\/index.php?rest_route=\/wp\/v2\/pages\/278\/revisions\/682"}],"wp:attachment":[{"href":"https:\/\/arcoirischiva.es\/index.php?rest_route=%2Fwp%2Fv2%2Fmedia&parent=278"}],"curies":[{"name":"wp","href":"https:\/\/api.w.org\/{rel}","templated":true}]}}