{"id":12,"date":"2020-12-09T18:22:57","date_gmt":"2020-12-09T18:22:57","guid":{"rendered":"https:\/\/arcoirischiva.es\/?page_id=12"},"modified":"2026-02-07T13:32:15","modified_gmt":"2026-02-07T12:32:15","slug":"pagina-1","status":"publish","type":"page","link":"https:\/\/arcoirischiva.es\/?page_id=12","title":{"rendered":"Junta Directiva"},"content":{"rendered":"\n<figure class=\"wp-block-table is-style-stripes\"><table><tbody><tr><td><em><strong>Presidente:<\/strong><\/em><\/td><td>RAFAEL LACALLE MERINO &nbsp;<\/td><\/tr><tr><td><em><strong>Vicepresidente:<\/strong><\/em><br><strong><em>Secretario:<\/em><\/strong><br><strong><em>Tesorero:<\/em><\/strong><\/td><td>LAMBERTO TAR\u00cdN FORTEA<br>GABRIEL ALARC\u00d3N HIG\u00d3N URE\u00d1A <br>ENRIQUE SUBIELA IB\u00c1\u00d1EZ<\/td><\/tr><tr><td>&nbsp; <strong><em>Vocales:<\/em><\/strong><\/td><td>JOS\u00c9 PASCUAL MART\u00cdNEZ L\u00d3PEZ<br>SALVADOR S\u00c1NCHEZ PINAZO<br>MANUEL GONZ\u00c1LEZ RASERO<br>FRANCISCO SELVA GARC\u00cdA<br>JUAN CARLOS CUNQUERO FUERTES<br>FAUSTINO HERRERO MART\u00cdNEZ<br>VICENTE P\u00c9REZ HERN\u00c1NDEZ<\/td><\/tr><\/tbody><\/table><\/figure>\n\n\n\n<figure class=\"wp-block-table\"><table><tbody><tr><td>15-11-2025<\/td><\/tr><\/tbody><\/table><\/figure>\n\n\n<div class=\"wp-block-image is-resized\">\n<figure class=\"aligncenter size-large\"><img decoding=\"async\" src=\"https:\/\/arcoirischiva.es\/wp-content\/uploads\/2026\/02\/Junta_Directiva_2025.jpeg\" alt=\"\"\/><figcaption class=\"wp-element-caption\"><em>Nueva Junta Directiva noviembre-2025<\/em><\/figcaption><\/figure>\n<\/div>\n\n\n<div class=\"wp-block-group\"><div class=\"wp-block-group__inner-container is-layout-flow wp-block-group-is-layout-flow\">\n<div class=\"wp-block-columns is-layout-flex wp-container-core-columns-is-layout-9d6595d7 wp-block-columns-is-layout-flex\">\n<div class=\"wp-block-column is-layout-flow wp-block-column-is-layout-flow\" style=\"flex-basis:100%\">\n<p><\/p>\n<\/div>\n<\/div>\n<\/div><\/div>\n","protected":false},"excerpt":{"rendered":"<p>Presidente: RAFAEL LACALLE MERINO &nbsp; Vicepresidente:Secretario:Tesorero: LAMBERTO TAR\u00cdN FORTEAGABRIEL ALARC\u00d3N HIG\u00d3N URE\u00d1A ENRIQUE SUBIELA IB\u00c1\u00d1EZ &nbsp; Vocales: JOS\u00c9 PASCUAL MART\u00cdNEZ L\u00d3PEZSALVADOR S\u00c1NCHEZ PINAZOMANUEL GONZ\u00c1LEZ RASEROFRANCISCO SELVA GARC\u00cdAJUAN CARLOS CUNQUERO FUERTESFAUSTINO HERRERO MART\u00cdNEZVICENTE P\u00c9REZ HERN\u00c1NDEZ 15-11-2025<\/p>\n","protected":false},"author":1,"featured_media":0,"parent":0,"menu_order":0,"comment_status":"closed","ping_status":"closed","template":"","meta":{"footnotes":""},"class_list":["post-12","page","type-page","status-publish","hentry"],"_links":{"self":[{"href":"https:\/\/arcoirischiva.es\/index.php?rest_route=\/wp\/v2\/pages\/12","targetHints":{"allow":["GET"]}}],"collection":[{"href":"https:\/\/arcoirischiva.es\/index.php?rest_route=\/wp\/v2\/pages"}],"about":[{"href":"https:\/\/arcoirischiva.es\/index.php?rest_route=\/wp\/v2\/types\/page"}],"author":[{"embeddable":true,"href":"https:\/\/arcoirischiva.es\/index.php?rest_route=\/wp\/v2\/users\/1"}],"replies":[{"embeddable":true,"href":"https:\/\/arcoirischiva.es\/index.php?rest_route=%2Fwp%2Fv2%2Fcomments&post=12"}],"version-history":[{"count":20,"href":"https:\/\/arcoirischiva.es\/index.php?rest_route=\/wp\/v2\/pages\/12\/revisions"}],"predecessor-version":[{"id":1034,"href":"https:\/\/arcoirischiva.es\/index.php?rest_route=\/wp\/v2\/pages\/12\/revisions\/1034"}],"wp:attachment":[{"href":"https:\/\/arcoirischiva.es\/index.php?rest_route=%2Fwp%2Fv2%2Fmedia&parent=12"}],"curies":[{"name":"wp","href":"https:\/\/api.w.org\/{rel}","templated":true}]}}